{"id":24,"date":"2023-02-08T14:01:26","date_gmt":"2023-02-08T14:01:26","guid":{"rendered":"https:\/\/alovradge.cwb.ovh\/?page_id=24"},"modified":"2025-04-07T13:33:32","modified_gmt":"2025-04-07T13:33:32","slug":"formations","status":"publish","type":"page","link":"https:\/\/alovradge.be\/?page_id=24","title":{"rendered":"FORMATIONS"},"content":{"rendered":"\n<section class=\"wp-block-starter-shop-front-hero background-cover bg-dark pb-5 position-relative pt-5 text-white\" style=\"background-image:url('https:\/\/images.unsplash.com\/photo-1547389432-95b8f3c47f3c?crop=entropy&amp;cs=tinysrgb&amp;fit=max&amp;fm=jpg&amp;ixid=MnwyMDkyMnwwfDF8c2VhcmNofDl8fGdhcmRlbnxlbnwwfHx8fDE2NzU2ODUxMDI&amp;ixlib=rb-4.0.3&amp;q=80&amp;w=1080')\"><div class=\"container pb-2 pt-2\"><h1 class=\"display-3 fw-bold mb-3 text-center text-uppercase text-white\">FORMATIONS<\/h1><\/div><\/section>\n\n\n\n<section class=\"wp-block-starter-shop-shop-banner-explain mb-0  text-center\"><div class=\"container\"><div class=\"justify-content-center row\"><\/div><section class=\"bg-white pb-5 pt-5 text-center\"><div class=\"container\"><div class=\"mb-4 text-center\"><h2 id=\"scrollspyHeading3\" class=\"fs-2 fw-bold text-start text-success\">Offres de Formations<\/h2><p class=\"text-start text-success\"><br>Infos g\u00e9n\u00e9rales pour les futurs stagiaires : depuis le 1er janvier 2023, les stagiaires re\u00e7oivent non plus un euro de l\u2019heure, mais bien deux euros de l\u2019heure en plus de leurs \u00e9ventuelles indemnit\u00e9s ! <br><br>Nous avons un renouvellement d\u2019agr\u00e9ment pour r\u00e9aliser 21630 heures de formation professionnelle chaque ann\u00e9e durant les 6 ann\u00e9es \u00e0 venir depuis le 01\/01\/2023.<\/p><\/div><\/div><\/section><\/div><\/section>\n\n\n\n<section class=\"wp-block-starter-shop-front-small-banners-trynews pt-3\"><div class=\"container\"><div class=\"justify-content-center row\">\n<div class=\"wp-block-starter-shop-front-small-banner-trynews col-md col-sm-6 py-3\"><div class=\"position-relative text-center text-dark\"><div class=\"card\"><p class=\"fs-4 fw-bold pt-4 text-center text-secondary\">Am\u00e9nagements ext\u00e9rieurs<br>et horticulture<\/p><a href=\"#\"><img decoding=\"async\" src=\"https:\/\/alovradge.be\/wp-content\/uploads\/2023\/02\/Capture-decran-du-2023-02-15-14-07-03.png\" class=\"img-fluid w-100\" alt=\"Product image\"\/><\/a><div class=\"card-body\"><p class=\"mb-0\">Formation que nous proposons<\/p><p class=\"mb-0 text-white\">&#8212;<\/p><a href=\"https:\/\/alovradge.be\/?page_id=56\" class=\"btn btn-primary mb-2 mt-2 pb-2 pe-4 ps-4 pt-2 text-white\">D\u00e9tails de la Formation<\/a><h2 class=\"h5 mb-3\"><\/h2><h2 class=\"h5 mb-3\"><\/h2><p class=\"mb-0 text-white\">&#8212;<\/p><\/div><\/div><\/div><\/div>\n<div class=\"wp-block-starter-shop-front-small-banner-trynews col-md col-sm-6 py-3\"><div class=\"position-relative text-center text-dark\"><div class=\"card\"><p class=\"fs-4 fw-bold pt-4 text-center text-secondary\">Employ\u00e9(e) administratif<br>et d\u2019accueil<\/p><a href=\"#\"><img decoding=\"async\" src=\"https:\/\/alovradge.be\/wp-content\/uploads\/2023\/02\/Capture-decran-du-2023-02-09-09-31-51.png\" class=\"img-fluid w-100\" alt=\"Product image\"\/><\/a><div class=\"card-body\"><p class=\"mb-0\">Formation que nous proposons<\/p><p class=\"mb-0 text-white\">&#8212;<\/p><a href=\"https:\/\/alovradge.be\/?page_id=58\" class=\"btn btn-primary mb-2 mt-2 pb-2 pe-4 ps-4 pt-2 text-white\">D\u00e9tails de la Formation<\/a><h2 class=\"h5 mb-3\"><\/h2><h2 class=\"h5 mb-3\"><\/h2><p class=\"mb-0 text-white\">&#8212;<\/p><\/div><\/div><\/div><\/div>\n<div class=\"wp-block-starter-shop-front-small-banner-trynews col-md col-sm-6 py-3\"><div class=\"position-relative text-center text-dark\"><div class=\"card\"><p class=\"fs-4 fw-bold pt-4 text-center text-secondary\">Aides<br>m\u00e9nag\u00e8res<\/p><a href=\"#\"><img decoding=\"async\" src=\"https:\/\/alovradge.be\/wp-content\/uploads\/2025\/04\/man-servant-doing-chores-around-house.jpg\" class=\"img-fluid w-100\" alt=\"Product image\"\/><\/a><div class=\"card-body\"><p class=\"mb-0\">Formation que nous proposons<\/p><p class=\"mb-0 text-white\">&#8212;<\/p><a href=\"https:\/\/alovradge.be\/?page_id=60\" class=\"btn btn-primary mb-2 mt-2 pb-2 pe-4 ps-4 pt-2 text-white\">D\u00e9tails de la Formation<\/a><h2 class=\"h5 mb-3\"><\/h2><h2 class=\"h5 mb-3\"><\/h2><p class=\"mb-0 text-white\">&#8212;<\/p><\/div><\/div><\/div><\/div>\n<\/div><\/div><\/section>\n\n\n\n<section class=\"wp-block-starter-shop-article-suivant\"><div class=\"container\"><div class=\"justify-content-center row\"><div class=\"container pb-2 pt-2\"><div class=\"col-xl-11 ms-auto me-auto px-0\"><div class=\"align-items-center justify-content-center row\"><div class=\"pb-3 pt-3 text-center\"><a href=\"https:\/\/alovradge.be\/\" class=\"bg-secondary border btn btn-dark fw-bold m-3 pb-2 pe-5 ps-5 pt-2\">Retour \u00e0 l&#8217;Acceuil<\/a><\/div><\/div><\/div><\/div><\/div><\/div><\/section>\n","protected":false},"excerpt":{"rendered":"<p>Offres de Formations Infos g\u00e9n\u00e9rales pour les futurs stagiaires : depuis le 1er janvier 2023, les stagiaires re\u00e7oivent non plus un euro de l\u2019heure, mais bien deux euros de l\u2019heure en plus de leurs \u00e9ventuelles indemnit\u00e9s ! Nous avons un renouvellement d\u2019agr\u00e9ment pour r\u00e9aliser 21630 heures de formation professionnelle chaque ann\u00e9e durant les 6 ann\u00e9es [&hellip;]<\/p>\n","protected":false},"author":1,"featured_media":0,"parent":0,"menu_order":0,"comment_status":"closed","ping_status":"closed","template":"single_column.php","meta":{"footnotes":""},"class_list":["post-24","page","type-page","status-publish","hentry"],"yoast_head":"<!-- This site is optimized with the Yoast SEO plugin v25.4 - https:\/\/yoast.com\/wordpress\/plugins\/seo\/ -->\n<title>FORMATIONS - Alovradge<\/title>\n<meta name=\"robots\" content=\"index, follow, max-snippet:-1, max-image-preview:large, max-video-preview:-1\" \/>\n<link rel=\"canonical\" href=\"https:\/\/alovradge.be\/?page_id=24\" \/>\n<meta property=\"og:locale\" content=\"en_US\" \/>\n<meta property=\"og:type\" content=\"article\" \/>\n<meta property=\"og:title\" content=\"FORMATIONS - Alovradge\" \/>\n<meta property=\"og:description\" content=\"Offres de Formations Infos g\u00e9n\u00e9rales pour les futurs stagiaires : depuis le 1er janvier 2023, les stagiaires re\u00e7oivent non plus un euro de l\u2019heure, mais bien deux euros de l\u2019heure en plus de leurs \u00e9ventuelles indemnit\u00e9s ! Nous avons un renouvellement d\u2019agr\u00e9ment pour r\u00e9aliser 21630 heures de formation professionnelle chaque ann\u00e9e durant les 6 ann\u00e9es [&hellip;]\" \/>\n<meta property=\"og:url\" content=\"https:\/\/alovradge.be\/?page_id=24\" \/>\n<meta property=\"og:site_name\" content=\"Alovradge\" \/>\n<meta property=\"article:modified_time\" content=\"2025-04-07T13:33:32+00:00\" \/>\n<meta property=\"og:image\" content=\"https:\/\/alovradge.be\/wp-content\/uploads\/2023\/02\/Capture-decran-du-2023-02-15-14-07-03.png\" \/>\n<meta name=\"twitter:card\" content=\"summary_large_image\" \/>\n<meta name=\"twitter:label1\" content=\"Est. reading time\" \/>\n\t<meta name=\"twitter:data1\" content=\"1 minute\" \/>\n<script type=\"application\/ld+json\" class=\"yoast-schema-graph\">{\"@context\":\"https:\/\/schema.org\",\"@graph\":[{\"@type\":\"WebPage\",\"@id\":\"https:\/\/alovradge.be\/?page_id=24\",\"url\":\"https:\/\/alovradge.be\/?page_id=24\",\"name\":\"FORMATIONS - Alovradge\",\"isPartOf\":{\"@id\":\"https:\/\/alovradge.be\/#website\"},\"primaryImageOfPage\":{\"@id\":\"https:\/\/alovradge.be\/?page_id=24#primaryimage\"},\"image\":{\"@id\":\"https:\/\/alovradge.be\/?page_id=24#primaryimage\"},\"thumbnailUrl\":\"https:\/\/alovradge.be\/wp-content\/uploads\/2023\/02\/Capture-decran-du-2023-02-15-14-07-03.png\",\"datePublished\":\"2023-02-08T14:01:26+00:00\",\"dateModified\":\"2025-04-07T13:33:32+00:00\",\"breadcrumb\":{\"@id\":\"https:\/\/alovradge.be\/?page_id=24#breadcrumb\"},\"inLanguage\":\"en-US\",\"potentialAction\":[{\"@type\":\"ReadAction\",\"target\":[\"https:\/\/alovradge.be\/?page_id=24\"]}]},{\"@type\":\"ImageObject\",\"inLanguage\":\"en-US\",\"@id\":\"https:\/\/alovradge.be\/?page_id=24#primaryimage\",\"url\":\"https:\/\/alovradge.be\/wp-content\/uploads\/2023\/02\/Capture-decran-du-2023-02-15-14-07-03.png\",\"contentUrl\":\"https:\/\/alovradge.be\/wp-content\/uploads\/2023\/02\/Capture-decran-du-2023-02-15-14-07-03.png\",\"width\":862,\"height\":356},{\"@type\":\"BreadcrumbList\",\"@id\":\"https:\/\/alovradge.be\/?page_id=24#breadcrumb\",\"itemListElement\":[{\"@type\":\"ListItem\",\"position\":1,\"name\":\"Home\",\"item\":\"https:\/\/alovradge.be\/\"},{\"@type\":\"ListItem\",\"position\":2,\"name\":\"FORMATIONS\"}]},{\"@type\":\"WebSite\",\"@id\":\"https:\/\/alovradge.be\/#website\",\"url\":\"https:\/\/alovradge.be\/\",\"name\":\"Alovradge\",\"description\":\"\",\"potentialAction\":[{\"@type\":\"SearchAction\",\"target\":{\"@type\":\"EntryPoint\",\"urlTemplate\":\"https:\/\/alovradge.be\/?s={search_term_string}\"},\"query-input\":{\"@type\":\"PropertyValueSpecification\",\"valueRequired\":true,\"valueName\":\"search_term_string\"}}],\"inLanguage\":\"en-US\"}]}<\/script>\n<!-- \/ Yoast SEO plugin. -->","yoast_head_json":{"title":"FORMATIONS - Alovradge","robots":{"index":"index","follow":"follow","max-snippet":"max-snippet:-1","max-image-preview":"max-image-preview:large","max-video-preview":"max-video-preview:-1"},"canonical":"https:\/\/alovradge.be\/?page_id=24","og_locale":"en_US","og_type":"article","og_title":"FORMATIONS - Alovradge","og_description":"Offres de Formations Infos g\u00e9n\u00e9rales pour les futurs stagiaires : depuis le 1er janvier 2023, les stagiaires re\u00e7oivent non plus un euro de l\u2019heure, mais bien deux euros de l\u2019heure en plus de leurs \u00e9ventuelles indemnit\u00e9s ! Nous avons un renouvellement d\u2019agr\u00e9ment pour r\u00e9aliser 21630 heures de formation professionnelle chaque ann\u00e9e durant les 6 ann\u00e9es [&hellip;]","og_url":"https:\/\/alovradge.be\/?page_id=24","og_site_name":"Alovradge","article_modified_time":"2025-04-07T13:33:32+00:00","og_image":[{"url":"https:\/\/alovradge.be\/wp-content\/uploads\/2023\/02\/Capture-decran-du-2023-02-15-14-07-03.png","type":"","width":"","height":""}],"twitter_card":"summary_large_image","twitter_misc":{"Est. reading time":"1 minute"},"schema":{"@context":"https:\/\/schema.org","@graph":[{"@type":"WebPage","@id":"https:\/\/alovradge.be\/?page_id=24","url":"https:\/\/alovradge.be\/?page_id=24","name":"FORMATIONS - Alovradge","isPartOf":{"@id":"https:\/\/alovradge.be\/#website"},"primaryImageOfPage":{"@id":"https:\/\/alovradge.be\/?page_id=24#primaryimage"},"image":{"@id":"https:\/\/alovradge.be\/?page_id=24#primaryimage"},"thumbnailUrl":"https:\/\/alovradge.be\/wp-content\/uploads\/2023\/02\/Capture-decran-du-2023-02-15-14-07-03.png","datePublished":"2023-02-08T14:01:26+00:00","dateModified":"2025-04-07T13:33:32+00:00","breadcrumb":{"@id":"https:\/\/alovradge.be\/?page_id=24#breadcrumb"},"inLanguage":"en-US","potentialAction":[{"@type":"ReadAction","target":["https:\/\/alovradge.be\/?page_id=24"]}]},{"@type":"ImageObject","inLanguage":"en-US","@id":"https:\/\/alovradge.be\/?page_id=24#primaryimage","url":"https:\/\/alovradge.be\/wp-content\/uploads\/2023\/02\/Capture-decran-du-2023-02-15-14-07-03.png","contentUrl":"https:\/\/alovradge.be\/wp-content\/uploads\/2023\/02\/Capture-decran-du-2023-02-15-14-07-03.png","width":862,"height":356},{"@type":"BreadcrumbList","@id":"https:\/\/alovradge.be\/?page_id=24#breadcrumb","itemListElement":[{"@type":"ListItem","position":1,"name":"Home","item":"https:\/\/alovradge.be\/"},{"@type":"ListItem","position":2,"name":"FORMATIONS"}]},{"@type":"WebSite","@id":"https:\/\/alovradge.be\/#website","url":"https:\/\/alovradge.be\/","name":"Alovradge","description":"","potentialAction":[{"@type":"SearchAction","target":{"@type":"EntryPoint","urlTemplate":"https:\/\/alovradge.be\/?s={search_term_string}"},"query-input":{"@type":"PropertyValueSpecification","valueRequired":true,"valueName":"search_term_string"}}],"inLanguage":"en-US"}]}},"_links":{"self":[{"href":"https:\/\/alovradge.be\/index.php?rest_route=\/wp\/v2\/pages\/24","targetHints":{"allow":["GET"]}}],"collection":[{"href":"https:\/\/alovradge.be\/index.php?rest_route=\/wp\/v2\/pages"}],"about":[{"href":"https:\/\/alovradge.be\/index.php?rest_route=\/wp\/v2\/types\/page"}],"author":[{"embeddable":true,"href":"https:\/\/alovradge.be\/index.php?rest_route=\/wp\/v2\/users\/1"}],"replies":[{"embeddable":true,"href":"https:\/\/alovradge.be\/index.php?rest_route=%2Fwp%2Fv2%2Fcomments&post=24"}],"version-history":[{"count":5,"href":"https:\/\/alovradge.be\/index.php?rest_route=\/wp\/v2\/pages\/24\/revisions"}],"predecessor-version":[{"id":444,"href":"https:\/\/alovradge.be\/index.php?rest_route=\/wp\/v2\/pages\/24\/revisions\/444"}],"wp:attachment":[{"href":"https:\/\/alovradge.be\/index.php?rest_route=%2Fwp%2Fv2%2Fmedia&parent=24"}],"curies":[{"name":"wp","href":"https:\/\/api.w.org\/{rel}","templated":true}]}}